ivide 21452536?
True
Is 9297612 a multiple of 138?
True
Does 3 divide 288691500?
True
Does 12 divide 55799472?
True
Is 247953695 a multiple of 185?
False
Does 1970 divide 158106508?
False
Is 5909191 a multiple of 4?
False
Does 1508 divide 268998451?
False
Is 527 a factor of 867133705?
True
Is 247 a factor of 2974832521?
False
Is 2990808766 a multiple of 11?
True
Is 4514 a factor of 3960194905?
False
Is 2856 a factor of 847855008?
True
Is 535 a factor of 37482100?
True
Is 488 a factor of 470013296?
True
Is 79454693 a multiple of 2670?
False
Is 1641820 a multiple of 103?
True
Is 14 a factor of 7966392?
True
Is 67752600 a multiple of 5?
True
Is 66386833 a multiple of 183?
False
Is 43 a factor of 2460035306?
False
Is 880280 a multiple of 12?
False
Is 56196777 a multiple of 1029?
True
Is 13586226 a multiple of 2?
True
Is 289437849 a multiple of 2?
False
Does 1976 divide 7325334?
False
Is 16017034 a multiple of 21?
False
Does 483 divide 177378369?
True
Does 90 divide 12260503?
False
Does 93 divide 21174686?
False
Does 1702 divide 1656904679?
False
Is 683233998 a multiple of 138?
True
Is 61833500 a multiple of 483?
False
Is 361452789 a multiple of 57?
True
Is 333582777 a multiple of 4306?
False
Does 4357 divide 334513032?
True
Does 172 divide 25919540?
True
Does 6 divide 150367404?
True
Is 34013292 a multiple of 158?
True
Does 10 divide 37748780?
True
Is 163 a factor of 1768096?
False
Is 3925306 a multiple of 14?
True
Is 355 a factor of 661941520?
True
Is 1190859915 a multiple of 2355?
True
Is 24863104 a multiple of 384?
False
Is 52 a factor of 7332315?
False
Is 15 a factor of 26290510?
False
Does 646 divide 56731720?
True
Does 282 divide 1837973352?
True
Does 15 divide 15972498?
False
Is 1972183062 a multiple of 12770?
False
Does 5547 divide 1707489?
False
Is 35 a factor of 3350052725?
False
Does 8 divide 13394789?
False
Is 73195095 a multiple of 1648?
False
Is 692 a factor of 821656921?
False
Is 3 a factor of 235865710?
False
Is 72 a factor of 3158280?
True
Is 352795520 a multiple of 2464?
True
Does 8 divide 585412592?
True
Is 27614952 a multiple of 216?
True
Does 17 divide 640444?
False
Is 86679825 a multiple of 577?
True
Does 106 divide 465574658?
False
Does 54 divide 185326650?
True
Is 396365776 a multiple of 643?
True
Is 1379204664 a multiple of 4844?
False
Is 211918371 a multiple of 3321?
False
Is 67 a factor of 98575626?
True
Does 43 divide 34774487?
True
Does 8227 divide 249084365?
False
Is 393060 a multiple of 4?
True
Is 146 a factor of 4686454?
True
Is 2007220397 a multiple of 64?
False
Is 5322 a factor of 321278496?
True
Is 1811 a factor of 2179629050?
True
Is 1752740548 a multiple of 83?
True
Is 5204 a factor of 677165296?
True
Is 2340 a factor of 147691440?
True
Is 72 a factor of 901091616?
False
Is 119535341 a multiple of 43?
False
Does 145 divide 115667805?
True
Is 141 a factor of 538020186?
True
Does 16 divide 109863686?
False
Is 169791609 a multiple of 1937?
True
Does 3139 divide 417314355?
True
Does 288 divide 19499019?
False
Is 47738640 a multiple of 19?
True
Is 71841310 a multiple of 94?
False
Is 233 a factor of 16003895?
False
Is 82015012 a multiple of 4362?
False
Does 769 divide 12503940?
True
Does 4 divide 17370519?
False
Is 1539078710 a multiple of 1270?
True
Is 223 a factor of 19294998?
False
Is 3 a factor of 5984226?
True
Is 16 a factor of 17441392?
True
Is 2315 a factor of 80527275?
True
Is 91939290 a multiple of 16?
False
Does 31 divide 1210137948?
True
Is 2712507103 a multiple of 73?
False
Does 925 divide 403702375?
True
Does 954 divide 65092030?
False
Is 245 a factor of 1344650438?
False
Is 673 a factor of 217894626?
False
Is 909865037 a multiple of 11?
False
Is 46 a factor of 2778801?
False
Is 18883750 a multiple of 25?
True
Does 12 divide 143570389?
False
Is 43 a factor of 615232?
False
Is 481140 a multiple of 220?
True
Is 25662825 a multiple of 675?
True
Does 12 divide 3946502?
False
Does 118 divide 45034232?
False
Is 78 a factor of 1042216039?
False
Is 565 a factor of 206388850?
True
Does 83 divide 17192620?
True
Is 11 a factor of 153004430?
False
Does 26 divide 109330988?
True
Is 278 a factor of 48001964?
False
Does 4 divide 6030791?
False
Is 1242660545 a multiple of 521?
True
Does 6 divide 818112?
True
Is 34395879 a multiple of 213?
True
Does 265 divide 146057930?
True
Is 21541693 a multiple of 28?
False
Does 9 divide 245273823?
True
Is 5920313 a multiple of 7?
True
Is 2649 a factor of 70406290?
False
Is 32 a factor of 5717792?
True
Does 69 divide 15305994?
True
Is 106253428 a multiple of 1021?
True
Is 180001300 a multiple of 740?
True
Is 572646906 a multiple of 1845?
False
Is 43592982 a multiple of 100?
False
Does 16 divide 43708220?
False
Is 14 a factor of 23962266?
False
Is 33 a factor of 2582683?
False
Is 28594029 a multiple of 87?
True
Is 847250167 a multiple of 10?
False
Does 9 divide 668126038?
False
Is 321846635 a multiple of 935?
True
Is 115843602 a multiple of 21?
True
Is 25 a factor of 745143925?
True
Is 242 a factor of 94124306?
False
Does 129 divide 4552311562?
False
Does 78 divide 119019420?
True
Is 1389 a factor of 125776502?
False
Is 26 a factor of 213479434?
False
Is 92 a factor of 66253156?
True
Is 979171253 a multiple of 5?
False
Is 891 a factor of 18686943?
True
Does 30 divide 60207090?
True
Does 47 divide 7792647?
True
Is 32541039 a multiple of 63?
False
Is 3740 a factor of 3895617074?
False
Is 118 a factor of 189060240?
False
Is 20310120 a multiple of 72?
True
Is 126 a factor of 14754735?
False
Is 1009264839 a multiple of 2569?
False
Is 9 a factor of 1143735982?
False
Is 20695586 a multiple of 24?
False
Does 17 divide 634820222?
True
Is 83781280 a multiple of 181?
True
Is 281769840 a multiple of 118?
True
Does 45 divide 16539120?
True
Is 27900700 a multiple of 100?
True
Does 44 divide 199873523?
False
Is 1216777672 a multiple of 9?
False
Is 301 a factor of 109644668?
True
Does 1469 divide 81351961?
False
Does 21 divide 30247644?
True
Is 12 a factor of 46253820?
True
Is 49886431 a multiple of 40?
False
Is 5109 a factor of 584464491?
True
Is 22 a factor of 187936760?
True
Is 129889601 a multiple of 15?
False
Is 72238012 a multiple of 308?
True
Does 251 divide 149358141?
False
Does 156 divide 1895378?
False
Does 5 divide 128708953?
False
Is 15376257 a multiple of 528?
False
Is 35 a factor of 5451600?
True
Is 32 a factor of 309350200?
False
Does 8648 divide 3164310935?
False
Is 27331876 a multiple of 22?
True
Does 85 divide 68732221?
False
Is 1422 a factor of 54813885?
False
Is 9 a factor of 192196143?
True
Is 15 a factor of 104452530?
True
Is 121 a factor of 128646345?
False
Is 57 a factor of 189889521?
False
Is 12933745 a multiple of 150?
False
Is 336072 a multiple of 24?
True
Is 14 a factor of 11606896?
True
Is 2519 a factor of 112146520?
False
Does 344 divide 1136994648?
True
Does 22 divide 338166785?
False
Is 69086505 a multiple of 10?
False
Does 21 divide 281683972?
False
Does 54 divide 83752380?
True
Is 2942 a factor of 334631906?
True
Does 39 divide 102655137?
True
Is 907 a factor of 268275181?
True
Is 44 a factor of 267895628?
True
Is 4039137169 a multiple of 756?
False
Does 191 divide 7555487?
False
Is 541 a factor of 94321446?
False
Does 12 divide 430600?
False
Is 11 a factor of 30643470?
True
Is 86575525 a multiple of 25?
True
Does 6 divide 1536871397?
False
Does 1696 divide 292254720?
True
Is 24137209 a multiple of 6?
False
Is 195109174 a multiple of 397?
False
Is 5307 a factor of 109202139?
True
Does 50 divide 188780401?
False
Is 38339991 a multiple of 2547?
True
Does 646 divide 1835080901?
False
Does 6661 divide 227052877?
False
Does 985 divide 3531225?
True
Is 865065096 a multiple of 1134?
True
Is 5 a factor of 1826322?
False
Is 61598575 a multiple of 137?
False
Is 1297 a factor of 59593259?
True
Is 13 a factor of 3456750934?
True
Is 2 a factor of 388906694?
True
Is 23889600 a multiple of 756?
True
Does 28 divide 438702432?
True
Is 77 a factor of 4062520?
True
Does 1419 divide 10343091?
True
Is 2 a factor of 2568811?
False
Is 547978095 a multiple of 2473?
False
Does 19 divide 79499237?
False
Does 952 divide 140783821?
False
Is 480 a factor of 294770400?
True
Is 384453102 a multiple of 737?
True
Is 50118550 a multiple of 14?
False
Is 2059 a factor of 36860544?
False
Is 863 a f